{"id":24871,"date":"2026-04-27T21:14:10","date_gmt":"2026-04-28T00:14:10","guid":{"rendered":"https:\/\/abifa.org.br\/site\/?page_id=24871"},"modified":"2026-04-27T21:26:34","modified_gmt":"2026-04-28T00:26:34","slug":"conaf-2026","status":"publish","type":"page","link":"https:\/\/abifa.org.br\/site\/conaf-2026\/","title":{"rendered":"CONAF 2026"},"content":{"rendered":"\t\t<div data-elementor-type=\"wp-page\" data-elementor-id=\"24871\" class=\"elementor elementor-24871\" data-elementor-post-type=\"page\">\n\t\t\t\t\t\t<section class=\"elementor-section elementor-top-section elementor-element elementor-element-94c4234 elementor-section-boxed elementor-section-height-default elementor-section-height-default\" data-id=\"94c4234\" data-element_type=\"section\">\n\t\t\t\t\t\t\t<div class=\"elementor-background-overlay\"><\/div>\n\t\t\t\t\t\t\t<div class=\"elementor-container elementor-column-gap-default\">\n\t\t\t\t\t<div class=\"elementor-column elementor-col-100 elementor-top-column elementor-element elementor-element-9f81f40\" data-id=\"9f81f40\" data-element_type=\"column\">\n\t\t\t<div class=\"elementor-widget-wrap elementor-element-populated\">\n\t\t\t\t\t\t<div class=\"elementor-element elementor-element-aafe9ba elementor-widget__width-initial elementor-widget elementor-widget-image\" data-id=\"aafe9ba\" data-element_type=\"widget\" data-widget_type=\"image.default\">\n\t\t\t\t<div class=\"elementor-widget-container\">\n\t\t\t\t\t\t\t\t\t\t\t\t\t\t\t<img fetchpriority=\"high\" decoding=\"async\" width=\"1024\" height=\"311\" src=\"https:\/\/abifa.org.br\/site\/wp-content\/uploads\/2026\/04\/TARJA.jpg\" class=\"attachment-full size-full wp-image-24873\" alt=\"\" srcset=\"https:\/\/abifa.org.br\/site\/wp-content\/uploads\/2026\/04\/TARJA.jpg 1024w, https:\/\/abifa.org.br\/site\/wp-content\/uploads\/2026\/04\/TARJA-300x91.jpg 300w, https:\/\/abifa.org.br\/site\/wp-content\/uploads\/2026\/04\/TARJA-768x233.jpg 768w\" sizes=\"(max-width: 1024px) 100vw, 1024px\" \/>\t\t\t\t\t\t\t\t\t\t\t\t\t\t\t<\/div>\n\t\t\t\t<\/div>\n\t\t\t\t<div class=\"elementor-element elementor-element-15dd264 elementor-widget__width-initial elementor-widget elementor-widget-text-editor\" data-id=\"15dd264\" data-element_type=\"widget\" data-widget_type=\"text-editor.default\">\n\t\t\t\t<div class=\"elementor-widget-container\">\n\t\t\t\t\t\t\t\t\t<p>Confira a programa\u00e7\u00e3o do 1\u00ba dia da <strong>21\u00aa edi\u00e7\u00e3o do CONAF \u2013 Congresso ABIFA de Fundi\u00e7\u00e3o<\/strong>, que acontecer\u00e1 entre os dias <strong>21 a 24 de julho<\/strong>, no <strong>S\u00e3o Paulo Expo<\/strong>, em S\u00e3o Paulo (SP).<\/p>\n<p>Realizado bienalmente, paralelamente \u00e0 <strong>FENAF \u2013 Feira Latino-Americana de Fundi\u00e7\u00e3o<\/strong>, o CONAF \u00e9 promovido pela <strong>ABIFA<\/strong> e consolidou-se como um dos principais encontros t\u00e9cnicos e estrat\u00e9gicos do setor.<\/p>\n<p>Neste ano, o Congresso ter\u00e1 como tema <strong>\u201cO futuro da ind\u00fastria de fundi\u00e7\u00e3o competitiva do Brasil\u201d<\/strong>, reunindo renomados profissionais do Brasil e do exterior para debater os caminhos da inova\u00e7\u00e3o, produtividade, sustentabilidade e competitividade que ir\u00e3o impulsionar o desenvolvimento do setor nos pr\u00f3ximos anos.<\/p>\n<p>A programa\u00e7\u00e3o completa do Congresso est\u00e1 dispon\u00edvel clicando&nbsp;<a href=\"https:\/\/abifa.org.br\/site\/wp-content\/uploads\/2026\/04\/PROGRAMACAO-CONAF-2026.pdf\" target=\"_blank\"><b>aqui<\/b><\/a><\/p>\n<p>Para mais informa\u00e7\u00f5es sobre valores e ingressos, consulte a tabela abaixo e escreva para <a href=\"mailto:marketing@abifa.org.br\">marketing@abifa.org.br<\/a><\/p>\t\t\t\t\t\t\t\t<\/div>\n\t\t\t\t<\/div>\n\t\t\t\t<div class=\"elementor-element elementor-element-c9a7c16 elementor-widget elementor-widget-image\" data-id=\"c9a7c16\" data-element_type=\"widget\" data-widget_type=\"image.default\">\n\t\t\t\t<div class=\"elementor-widget-container\">\n\t\t\t\t\t\t\t\t\t\t\t\t\t\t\t<img decoding=\"async\" width=\"576\" height=\"1024\" src=\"https:\/\/abifa.org.br\/site\/wp-content\/uploads\/2026\/04\/INGRESSOS-576x1024.jpg\" class=\"attachment-large size-large wp-image-24874\" alt=\"\" srcset=\"https:\/\/abifa.org.br\/site\/wp-content\/uploads\/2026\/04\/INGRESSOS-576x1024.jpg 576w, https:\/\/abifa.org.br\/site\/wp-content\/uploads\/2026\/04\/INGRESSOS-169x300.jpg 169w, https:\/\/abifa.org.br\/site\/wp-content\/uploads\/2026\/04\/INGRESSOS-768x1365.jpg 768w, https:\/\/abifa.org.br\/site\/wp-content\/uploads\/2026\/04\/INGRESSOS-864x1536.jpg 864w, https:\/\/abifa.org.br\/site\/wp-content\/uploads\/2026\/04\/INGRESSOS.jpg 1080w\" sizes=\"(max-width: 576px) 100vw, 576px\" \/>\t\t\t\t\t\t\t\t\t\t\t\t\t\t\t<\/div>\n\t\t\t\t<\/div>\n\t\t\t\t\t<\/div>\n\t\t<\/div>\n\t\t\t\t\t<\/div>\n\t\t<\/section>\n\t\t\t\t<section class=\"elementor-section elementor-top-section elementor-element elementor-element-77d3f99 elementor-section-boxed elementor-section-height-default elementor-section-height-default\" data-id=\"77d3f99\" data-element_type=\"section\" data-settings=\"{&quot;background_background&quot;:&quot;classic&quot;}\">\n\t\t\t\t\t\t<div class=\"elementor-container elementor-column-gap-default\">\n\t\t\t\t\t<div class=\"elementor-column elementor-col-33 elementor-top-column elementor-element elementor-element-6df59ac\" data-id=\"6df59ac\" data-element_type=\"column\">\n\t\t\t<div class=\"elementor-widget-wrap elementor-element-populated\">\n\t\t\t\t\t\t<div class=\"elementor-element elementor-element-a6156e1 elementor-widget elementor-widget-heading\" data-id=\"a6156e1\" data-element_type=\"widget\" data-widget_type=\"heading.default\">\n\t\t\t\t<div class=\"elementor-widget-container\">\n\t\t\t\t\t<h2 class=\"elementor-heading-title elementor-size-xl\">Fale Conosco<\/h2>\t\t\t\t<\/div>\n\t\t\t\t<\/div>\n\t\t\t\t<div class=\"elementor-element elementor-element-a02467c elementor-widget elementor-widget-text-editor\" data-id=\"a02467c\" data-element_type=\"widget\" data-widget_type=\"text-editor.default\">\n\t\t\t\t<div class=\"elementor-widget-container\">\n\t\t\t\t\t\t\t\t\t<p>PARA D\u00daVIDAS E INFORMA\u00c7\u00d5ES:<\/p><p>marketing@abifa.org.br<\/p><p>Telefone: +55 (11) 3549-3344<\/p>\t\t\t\t\t\t\t\t<\/div>\n\t\t\t\t<\/div>\n\t\t\t\t\t<\/div>\n\t\t<\/div>\n\t\t\t\t<div class=\"elementor-column elementor-col-33 elementor-top-column elementor-element elementor-element-ca0cc6a\" data-id=\"ca0cc6a\" data-element_type=\"column\">\n\t\t\t<div class=\"elementor-widget-wrap elementor-element-populated\">\n\t\t\t\t\t\t<div class=\"elementor-element elementor-element-77395d6 elementor-widget elementor-widget-text-editor\" data-id=\"77395d6\" data-element_type=\"widget\" data-widget_type=\"text-editor.default\">\n\t\t\t\t<div class=\"elementor-widget-container\">\n\t\t\t\t\t\t\t\t\t<p>Local:<\/p>\t\t\t\t\t\t\t\t<\/div>\n\t\t\t\t<\/div>\n\t\t\t\t<div class=\"elementor-element elementor-element-a2869f5 elementor-widget elementor-widget-image\" data-id=\"a2869f5\" data-element_type=\"widget\" data-widget_type=\"image.default\">\n\t\t\t\t<div class=\"elementor-widget-container\">\n\t\t\t\t\t\t\t\t\t\t\t\t\t\t\t<img decoding=\"async\" width=\"347\" height=\"95\" src=\"https:\/\/abifa.org.br\/site\/wp-content\/uploads\/2025\/03\/sao-paulo-expo.jpg\" class=\"attachment-medium_large size-medium_large wp-image-22111\" alt=\"\" srcset=\"https:\/\/abifa.org.br\/site\/wp-content\/uploads\/2025\/03\/sao-paulo-expo.jpg 347w, https:\/\/abifa.org.br\/site\/wp-content\/uploads\/2025\/03\/sao-paulo-expo-300x82.jpg 300w\" sizes=\"(max-width: 347px) 100vw, 347px\" \/>\t\t\t\t\t\t\t\t\t\t\t\t\t\t\t<\/div>\n\t\t\t\t<\/div>\n\t\t\t\t\t<\/div>\n\t\t<\/div>\n\t\t\t\t<div class=\"elementor-column elementor-col-33 elementor-top-column elementor-element elementor-element-f406198\" data-id=\"f406198\" data-element_type=\"column\">\n\t\t\t<div class=\"elementor-widget-wrap elementor-element-populated\">\n\t\t\t\t\t\t<div class=\"elementor-element elementor-element-726fe62 elementor-widget elementor-widget-google_maps\" data-id=\"726fe62\" data-element_type=\"widget\" data-widget_type=\"google_maps.default\">\n\t\t\t\t<div class=\"elementor-widget-container\">\n\t\t\t\t\t\t\t<div class=\"elementor-custom-embed\">\n\t\t\t<iframe loading=\"lazy\"\n\t\t\t\t\tsrc=\"https:\/\/maps.google.com\/maps?q=S%C3%A3o%20Paulo%20Expo%20&#038;t=m&#038;z=10&#038;output=embed&#038;iwloc=near\"\n\t\t\t\t\ttitle=\"S\u00e3o Paulo Expo \"\n\t\t\t\t\taria-label=\"S\u00e3o Paulo Expo \"\n\t\t\t><\/iframe>\n\t\t<\/div>\n\t\t\t\t\t\t<\/div>\n\t\t\t\t<\/div>\n\t\t\t\t\t<\/div>\n\t\t<\/div>\n\t\t\t\t\t<\/div>\n\t\t<\/section>\n\t\t\t\t<\/div>\n\t\t","protected":false},"excerpt":{"rendered":"<p>Confira a programa\u00e7\u00e3o do 1\u00ba dia da 21\u00aa edi\u00e7\u00e3o do&hellip;<\/p>\n<p> <a class=\"more-link\" href=\"https:\/\/abifa.org.br\/site\/conaf-2026\/\">Leia mais<\/a><\/p>\n","protected":false},"author":1,"featured_media":0,"parent":0,"menu_order":0,"comment_status":"closed","ping_status":"closed","template":"elementor_header_footer","meta":{"_acf_changed":false,"om_disable_all_campaigns":false,"_uf_show_specific_survey":0,"_uf_disable_surveys":false,"footnotes":""},"class_list":["post-24871","page","type-page","status-publish"],"acf":[],"yoast_head":"<!-- This site is optimized with the Yoast SEO Premium plugin v26.1 (Yoast SEO v26.1) - https:\/\/yoast.com\/wordpress\/plugins\/seo\/ -->\n<title>CONAF 2026 - ABIFA<\/title>\n<meta name=\"robots\" content=\"index, follow, max-snippet:-1, max-image-preview:large, max-video-preview:-1\" \/>\n<link rel=\"canonical\" href=\"https:\/\/abifa.org.br\/site\/conaf-2026\/\" \/>\n<meta property=\"og:locale\" content=\"pt_BR\" \/>\n<meta property=\"og:type\" content=\"article\" \/>\n<meta property=\"og:title\" content=\"CONAF 2026\" \/>\n<meta property=\"og:description\" content=\"Confira a programa\u00e7\u00e3o do 1\u00ba dia da 21\u00aa edi\u00e7\u00e3o do&hellip;  Leia mais\" \/>\n<meta property=\"og:url\" content=\"https:\/\/abifa.org.br\/site\/conaf-2026\/\" \/>\n<meta property=\"og:site_name\" content=\"ABIFA\" \/>\n<meta property=\"article:modified_time\" content=\"2026-04-28T00:26:34+00:00\" \/>\n<meta property=\"og:image\" content=\"https:\/\/abifa.org.br\/site\/wp-content\/uploads\/2026\/04\/TARJA.jpg\" \/>\n\t<meta property=\"og:image:width\" content=\"1024\" \/>\n\t<meta property=\"og:image:height\" content=\"311\" \/>\n\t<meta property=\"og:image:type\" content=\"image\/jpeg\" \/>\n<meta name=\"twitter:card\" content=\"summary_large_image\" \/>\n<meta name=\"twitter:label1\" content=\"Est. tempo de leitura\" \/>\n\t<meta name=\"twitter:data1\" content=\"2 minutos\" \/>\n<script type=\"application\/ld+json\" class=\"yoast-schema-graph\">{\"@context\":\"https:\/\/schema.org\",\"@graph\":[{\"@type\":\"WebPage\",\"@id\":\"https:\/\/abifa.org.br\/site\/conaf-2026\/\",\"url\":\"https:\/\/abifa.org.br\/site\/conaf-2026\/\",\"name\":\"CONAF 2026 - ABIFA\",\"isPartOf\":{\"@id\":\"https:\/\/abifa.org.br\/site\/#website\"},\"primaryImageOfPage\":{\"@id\":\"https:\/\/abifa.org.br\/site\/conaf-2026\/#primaryimage\"},\"image\":{\"@id\":\"https:\/\/abifa.org.br\/site\/conaf-2026\/#primaryimage\"},\"thumbnailUrl\":\"https:\/\/abifa.org.br\/site\/wp-content\/uploads\/2026\/04\/TARJA.jpg\",\"datePublished\":\"2026-04-28T00:14:10+00:00\",\"dateModified\":\"2026-04-28T00:26:34+00:00\",\"breadcrumb\":{\"@id\":\"https:\/\/abifa.org.br\/site\/conaf-2026\/#breadcrumb\"},\"inLanguage\":\"pt-BR\",\"potentialAction\":[{\"@type\":\"ReadAction\",\"target\":[\"https:\/\/abifa.org.br\/site\/conaf-2026\/\"]}]},{\"@type\":\"ImageObject\",\"inLanguage\":\"pt-BR\",\"@id\":\"https:\/\/abifa.org.br\/site\/conaf-2026\/#primaryimage\",\"url\":\"https:\/\/abifa.org.br\/site\/wp-content\/uploads\/2026\/04\/TARJA.jpg\",\"contentUrl\":\"https:\/\/abifa.org.br\/site\/wp-content\/uploads\/2026\/04\/TARJA.jpg\",\"width\":1024,\"height\":311},{\"@type\":\"BreadcrumbList\",\"@id\":\"https:\/\/abifa.org.br\/site\/conaf-2026\/#breadcrumb\",\"itemListElement\":[{\"@type\":\"ListItem\",\"position\":1,\"name\":\"In\u00edcio\",\"item\":\"https:\/\/abifa.org.br\/site\/\"},{\"@type\":\"ListItem\",\"position\":2,\"name\":\"CONAF 2026\"}]},{\"@type\":\"WebSite\",\"@id\":\"https:\/\/abifa.org.br\/site\/#website\",\"url\":\"https:\/\/abifa.org.br\/site\/\",\"name\":\"ABIFA\",\"description\":\"\",\"publisher\":{\"@id\":\"https:\/\/abifa.org.br\/site\/#organization\"},\"potentialAction\":[{\"@type\":\"SearchAction\",\"target\":{\"@type\":\"EntryPoint\",\"urlTemplate\":\"https:\/\/abifa.org.br\/site\/?s={search_term_string}\"},\"query-input\":{\"@type\":\"PropertyValueSpecification\",\"valueRequired\":true,\"valueName\":\"search_term_string\"}}],\"inLanguage\":\"pt-BR\"},{\"@type\":\"Organization\",\"@id\":\"https:\/\/abifa.org.br\/site\/#organization\",\"name\":\"ABIFA\",\"url\":\"https:\/\/abifa.org.br\/site\/\",\"logo\":{\"@type\":\"ImageObject\",\"inLanguage\":\"pt-BR\",\"@id\":\"https:\/\/abifa.org.br\/site\/#\/schema\/logo\/image\/\",\"url\":\"https:\/\/abifa.org.br\/site\/wp-content\/uploads\/2022\/11\/cropped-logo_abifa.png\",\"contentUrl\":\"https:\/\/abifa.org.br\/site\/wp-content\/uploads\/2022\/11\/cropped-logo_abifa.png\",\"width\":250,\"height\":116,\"caption\":\"ABIFA\"},\"image\":{\"@id\":\"https:\/\/abifa.org.br\/site\/#\/schema\/logo\/image\/\"}}]}<\/script>\n<!-- \/ Yoast SEO Premium plugin. -->","yoast_head_json":{"title":"CONAF 2026 - ABIFA","robots":{"index":"index","follow":"follow","max-snippet":"max-snippet:-1","max-image-preview":"max-image-preview:large","max-video-preview":"max-video-preview:-1"},"canonical":"https:\/\/abifa.org.br\/site\/conaf-2026\/","og_locale":"pt_BR","og_type":"article","og_title":"CONAF 2026","og_description":"Confira a programa\u00e7\u00e3o do 1\u00ba dia da 21\u00aa edi\u00e7\u00e3o do&hellip;  Leia mais","og_url":"https:\/\/abifa.org.br\/site\/conaf-2026\/","og_site_name":"ABIFA","article_modified_time":"2026-04-28T00:26:34+00:00","og_image":[{"width":1024,"height":311,"url":"https:\/\/abifa.org.br\/site\/wp-content\/uploads\/2026\/04\/TARJA.jpg","type":"image\/jpeg"}],"twitter_card":"summary_large_image","twitter_misc":{"Est. tempo de leitura":"2 minutos"},"schema":{"@context":"https:\/\/schema.org","@graph":[{"@type":"WebPage","@id":"https:\/\/abifa.org.br\/site\/conaf-2026\/","url":"https:\/\/abifa.org.br\/site\/conaf-2026\/","name":"CONAF 2026 - ABIFA","isPartOf":{"@id":"https:\/\/abifa.org.br\/site\/#website"},"primaryImageOfPage":{"@id":"https:\/\/abifa.org.br\/site\/conaf-2026\/#primaryimage"},"image":{"@id":"https:\/\/abifa.org.br\/site\/conaf-2026\/#primaryimage"},"thumbnailUrl":"https:\/\/abifa.org.br\/site\/wp-content\/uploads\/2026\/04\/TARJA.jpg","datePublished":"2026-04-28T00:14:10+00:00","dateModified":"2026-04-28T00:26:34+00:00","breadcrumb":{"@id":"https:\/\/abifa.org.br\/site\/conaf-2026\/#breadcrumb"},"inLanguage":"pt-BR","potentialAction":[{"@type":"ReadAction","target":["https:\/\/abifa.org.br\/site\/conaf-2026\/"]}]},{"@type":"ImageObject","inLanguage":"pt-BR","@id":"https:\/\/abifa.org.br\/site\/conaf-2026\/#primaryimage","url":"https:\/\/abifa.org.br\/site\/wp-content\/uploads\/2026\/04\/TARJA.jpg","contentUrl":"https:\/\/abifa.org.br\/site\/wp-content\/uploads\/2026\/04\/TARJA.jpg","width":1024,"height":311},{"@type":"BreadcrumbList","@id":"https:\/\/abifa.org.br\/site\/conaf-2026\/#breadcrumb","itemListElement":[{"@type":"ListItem","position":1,"name":"In\u00edcio","item":"https:\/\/abifa.org.br\/site\/"},{"@type":"ListItem","position":2,"name":"CONAF 2026"}]},{"@type":"WebSite","@id":"https:\/\/abifa.org.br\/site\/#website","url":"https:\/\/abifa.org.br\/site\/","name":"ABIFA","description":"","publisher":{"@id":"https:\/\/abifa.org.br\/site\/#organization"},"potentialAction":[{"@type":"SearchAction","target":{"@type":"EntryPoint","urlTemplate":"https:\/\/abifa.org.br\/site\/?s={search_term_string}"},"query-input":{"@type":"PropertyValueSpecification","valueRequired":true,"valueName":"search_term_string"}}],"inLanguage":"pt-BR"},{"@type":"Organization","@id":"https:\/\/abifa.org.br\/site\/#organization","name":"ABIFA","url":"https:\/\/abifa.org.br\/site\/","logo":{"@type":"ImageObject","inLanguage":"pt-BR","@id":"https:\/\/abifa.org.br\/site\/#\/schema\/logo\/image\/","url":"https:\/\/abifa.org.br\/site\/wp-content\/uploads\/2022\/11\/cropped-logo_abifa.png","contentUrl":"https:\/\/abifa.org.br\/site\/wp-content\/uploads\/2022\/11\/cropped-logo_abifa.png","width":250,"height":116,"caption":"ABIFA"},"image":{"@id":"https:\/\/abifa.org.br\/site\/#\/schema\/logo\/image\/"}}]}},"_links":{"self":[{"href":"https:\/\/abifa.org.br\/site\/wp-json\/wp\/v2\/pages\/24871","targetHints":{"allow":["GET"]}}],"collection":[{"href":"https:\/\/abifa.org.br\/site\/wp-json\/wp\/v2\/pages"}],"about":[{"href":"https:\/\/abifa.org.br\/site\/wp-json\/wp\/v2\/types\/page"}],"author":[{"embeddable":true,"href":"https:\/\/abifa.org.br\/site\/wp-json\/wp\/v2\/users\/1"}],"replies":[{"embeddable":true,"href":"https:\/\/abifa.org.br\/site\/wp-json\/wp\/v2\/comments?post=24871"}],"version-history":[{"count":7,"href":"https:\/\/abifa.org.br\/site\/wp-json\/wp\/v2\/pages\/24871\/revisions"}],"predecessor-version":[{"id":24882,"href":"https:\/\/abifa.org.br\/site\/wp-json\/wp\/v2\/pages\/24871\/revisions\/24882"}],"wp:attachment":[{"href":"https:\/\/abifa.org.br\/site\/wp-json\/wp\/v2\/media?parent=24871"}],"curies":[{"name":"wp","href":"https:\/\/api.w.org\/{rel}","templated":true}]}}